{"id":419,"date":"2010-04-26T20:28:00","date_gmt":"2010-04-26T18:28:00","guid":{"rendered":"https:\/\/agklima.salvatornetz.de\/?page_id=419"},"modified":"2025-02-27T21:57:13","modified_gmt":"2025-02-27T20:57:13","slug":"waffen-herstellen","status":"publish","type":"page","link":"https:\/\/agklima.salvatornetz.de\/?page_id=419","title":{"rendered":"Waffen\u00a0herstellen"},"content":{"rendered":"\n<p>Zur Frage 10 von 17<br>D\u00fcrfen wir (Menschen) dann Waffen herstellen? Nein. Sie werden aus dem einzigen Grund hergestellt zu t\u00f6ten. <\/p>\n\n\n\n<hr class=\"wp-block-separator has-alpha-channel-opacity is-style-wide\"\/>\n\n\n\n<p class=\"has-text-align-center\"><a href=\"https:\/\/agklima.salvatornetz.de\/?page_id=416\">Zur\u00fcck zur vorigen Frage <\/a>\u2013 <a href=\"https:\/\/agklima.salvatornetz.de\/?page_id=369\">Zur\u00fcck zur \u00dcbersicht<\/a> &#8211; <a href=\"https:\/\/agklima.salvatornetz.de\/?page_id=422\">Weiter zur n\u00e4chsten Frage<\/a><\/p>\n\n\n\n<p><\/p>\n","protected":false},"excerpt":{"rendered":"<p>Zur Frage 10 von 17D\u00fcrfen wir (Menschen) dann Waffen herstellen? Nein. Sie werden aus dem einzigen Grund hergestellt zu t\u00f6ten. Zur\u00fcck zur vorigen Frage \u2013 Zur\u00fcck zur \u00dcbersicht &#8211; Weiter zur n\u00e4chsten Frage<\/p>\n","protected":false},"author":1,"featured_media":0,"parent":0,"menu_order":0,"comment_status":"open","ping_status":"closed","template":"","meta":{"footnotes":""},"class_list":["post-419","page","type-page","status-publish","hentry","entry"],"_links":{"self":[{"href":"https:\/\/agklima.salvatornetz.de\/index.php?rest_route=\/wp\/v2\/pages\/419","targetHints":{"allow":["GET"]}}],"collection":[{"href":"https:\/\/agklima.salvatornetz.de\/index.php?rest_route=\/wp\/v2\/pages"}],"about":[{"href":"https:\/\/agklima.salvatornetz.de\/index.php?rest_route=\/wp\/v2\/types\/page"}],"author":[{"embeddable":true,"href":"https:\/\/agklima.salvatornetz.de\/index.php?rest_route=\/wp\/v2\/users\/1"}],"replies":[{"embeddable":true,"href":"https:\/\/agklima.salvatornetz.de\/index.php?rest_route=%2Fwp%2Fv2%2Fcomments&post=419"}],"version-history":[{"count":5,"href":"https:\/\/agklima.salvatornetz.de\/index.php?rest_route=\/wp\/v2\/pages\/419\/revisions"}],"predecessor-version":[{"id":477,"href":"https:\/\/agklima.salvatornetz.de\/index.php?rest_route=\/wp\/v2\/pages\/419\/revisions\/477"}],"wp:attachment":[{"href":"https:\/\/agklima.salvatornetz.de\/index.php?rest_route=%2Fwp%2Fv2%2Fmedia&parent=419"}],"curies":[{"name":"wp","href":"https:\/\/api.w.org\/{rel}","templated":true}]}}