{"id":431,"date":"2010-04-26T20:38:00","date_gmt":"2010-04-26T18:38:00","guid":{"rendered":"https:\/\/agklima.salvatornetz.de\/?page_id=431"},"modified":"2025-02-28T18:32:34","modified_gmt":"2025-02-28T17:32:34","slug":"effektivitaet","status":"publish","type":"page","link":"https:\/\/agklima.salvatornetz.de\/?page_id=431","title":{"rendered":"Effektivit\u00e4t"},"content":{"rendered":"\n<p>Zur Frage 14 von 17<br>Wir sollten den ben\u00f6tigten Strom so effektiv wie m\u00f6glich einsetzen, so wenig wie m\u00f6glich verbrauchen und ihn so weit es geht selbst umweltvertr\u00e4glich erzeugen. Der Restbedarf sollte ebenfalls umweltvertr\u00e4glich erzeugt worden sein. <\/p>\n\n\n\n<hr class=\"wp-block-separator has-alpha-channel-opacity is-style-wide\"\/>\n\n\n\n<p class=\"has-text-align-center\"><a href=\"https:\/\/agklima.salvatornetz.de\/?page_id=428\">Zur\u00fcck zur vorigen Frage<\/a> \u2013 <a href=\"https:\/\/agklima.salvatornetz.de\/?page_id=369\">Zur\u00fcck zur \u00dcbersicht<\/a> &#8211; <a href=\"https:\/\/agklima.salvatornetz.de\/?page_id=434\">Weiter zur n\u00e4chsten Frage<\/a><\/p>\n","protected":false},"excerpt":{"rendered":"<p>Zur Frage 14 von 17Wir sollten den ben\u00f6tigten Strom so effektiv wie m\u00f6glich einsetzen, so wenig wie m\u00f6glich verbrauchen und ihn so weit es geht selbst umweltvertr\u00e4glich erzeugen. Der Restbedarf sollte ebenfalls umweltvertr\u00e4glich erzeugt worden sein. Zur\u00fcck zur vorigen Frage \u2013 Zur\u00fcck zur \u00dcbersicht &#8211; Weiter zur n\u00e4chsten Frage<\/p>\n","protected":false},"author":1,"featured_media":0,"parent":0,"menu_order":0,"comment_status":"open","ping_status":"closed","template":"","meta":{"footnotes":""},"class_list":["post-431","page","type-page","status-publish","hentry","entry"],"_links":{"self":[{"href":"https:\/\/agklima.salvatornetz.de\/index.php?rest_route=\/wp\/v2\/pages\/431","targetHints":{"allow":["GET"]}}],"collection":[{"href":"https:\/\/agklima.salvatornetz.de\/index.php?rest_route=\/wp\/v2\/pages"}],"about":[{"href":"https:\/\/agklima.salvatornetz.de\/index.php?rest_route=\/wp\/v2\/types\/page"}],"author":[{"embeddable":true,"href":"https:\/\/agklima.salvatornetz.de\/index.php?rest_route=\/wp\/v2\/users\/1"}],"replies":[{"embeddable":true,"href":"https:\/\/agklima.salvatornetz.de\/index.php?rest_route=%2Fwp%2Fv2%2Fcomments&post=431"}],"version-history":[{"count":3,"href":"https:\/\/agklima.salvatornetz.de\/index.php?rest_route=\/wp\/v2\/pages\/431\/revisions"}],"predecessor-version":[{"id":496,"href":"https:\/\/agklima.salvatornetz.de\/index.php?rest_route=\/wp\/v2\/pages\/431\/revisions\/496"}],"wp:attachment":[{"href":"https:\/\/agklima.salvatornetz.de\/index.php?rest_route=%2Fwp%2Fv2%2Fmedia&parent=431"}],"curies":[{"name":"wp","href":"https:\/\/api.w.org\/{rel}","templated":true}]}}