{"id":518,"date":"2025-02-28T21:07:47","date_gmt":"2025-02-28T20:07:47","guid":{"rendered":"https:\/\/agklima.salvatornetz.de\/?page_id=518"},"modified":"2025-02-28T21:07:47","modified_gmt":"2025-02-28T20:07:47","slug":"waermedaemmung-2","status":"publish","type":"page","link":"https:\/\/agklima.salvatornetz.de\/?page_id=518","title":{"rendered":"W\u00e4rmed\u00e4mmung"},"content":{"rendered":"\n<p>Zu d\u00e4mmen sind:<\/p>\n\n\n\n<ul class=\"wp-block-list\">\n<li>Au\u00dfenw\u00e4nde<\/li>\n\n\n\n<li>Kellerdecke oder \u2013boden<\/li>\n\n\n\n<li>Dach oder Decke im OG<\/li>\n\n\n\n<li>Fenster<\/li>\n<\/ul>\n\n\n\n<h3 class=\"wp-block-heading\">Anmerkungen<\/h3>\n\n\n\n<ul class=\"wp-block-list\">\n<li>Das D\u00e4mmen der Au\u00dfenw\u00e4nde wird aus Kostengr\u00fcnden und wegen des Denkmalschutzes unrealistisch sein.<\/li>\n\n\n\n<li>Die M\u00f6glichkeit Dach und Keller (zus\u00e4tzlich) zu d\u00e4mmen wird die energetische Untersuchung betrachten.<\/li>\n<\/ul>\n\n\n\n<p>Alte Fenster auszutauschen wird sinnvoll sein. In welchem Umfang, wird ebenfalls die energetische Untersuchung ergeben.<\/p>\n\n\n\n<hr class=\"wp-block-separator has-alpha-channel-opacity is-style-wide\"\/>\n","protected":false},"excerpt":{"rendered":"<p>Zu d\u00e4mmen sind: Anmerkungen Alte Fenster auszutauschen wird sinnvoll sein. In welchem Umfang, wird ebenfalls die energetische Untersuchung ergeben.<\/p>\n","protected":false},"author":1,"featured_media":0,"parent":0,"menu_order":0,"comment_status":"closed","ping_status":"closed","template":"","meta":{"footnotes":""},"class_list":["post-518","page","type-page","status-publish","hentry","entry"],"_links":{"self":[{"href":"https:\/\/agklima.salvatornetz.de\/index.php?rest_route=\/wp\/v2\/pages\/518","targetHints":{"allow":["GET"]}}],"collection":[{"href":"https:\/\/agklima.salvatornetz.de\/index.php?rest_route=\/wp\/v2\/pages"}],"about":[{"href":"https:\/\/agklima.salvatornetz.de\/index.php?rest_route=\/wp\/v2\/types\/page"}],"author":[{"embeddable":true,"href":"https:\/\/agklima.salvatornetz.de\/index.php?rest_route=\/wp\/v2\/users\/1"}],"replies":[{"embeddable":true,"href":"https:\/\/agklima.salvatornetz.de\/index.php?rest_route=%2Fwp%2Fv2%2Fcomments&post=518"}],"version-history":[{"count":1,"href":"https:\/\/agklima.salvatornetz.de\/index.php?rest_route=\/wp\/v2\/pages\/518\/revisions"}],"predecessor-version":[{"id":520,"href":"https:\/\/agklima.salvatornetz.de\/index.php?rest_route=\/wp\/v2\/pages\/518\/revisions\/520"}],"wp:attachment":[{"href":"https:\/\/agklima.salvatornetz.de\/index.php?rest_route=%2Fwp%2Fv2%2Fmedia&parent=518"}],"curies":[{"name":"wp","href":"https:\/\/api.w.org\/{rel}","templated":true}]}}